l + 20, 11 = -l - 2*z. List the prime factors of l/3*-3 - -62.
3, 7
Let m = 14 + 6. Let c be m/(-10) + (-11)/(-1). Suppose 0 = -c*l + 4*l + 160. List the prime factors of l.
2
Let d be (-206*4/(-4))/(-2). What are the prime factors of (-1 - d) + 4 + 3/1?
109
Suppose 4*s - 3*q = 29, -3*s - q = -12 - 0. Suppose -o - 2*b = 3*o - 420, -s*o - 2*b + 523 = 0. List the prime factors of o.
103
Let q = -1332 + 1916. List the prime factors of q.
2, 73
Let x = -21 + 23. Suppose 3*g + x*y - 14 = 0, g = -4*g + y + 19. What are the prime factors of -4 + (g + 14 - 4)?
2, 5
Let p be -4 + 4 + 7 + 1. Let d(v) = -v**2 + 11*v + 7. List the prime factors of d(p).
31
Suppose 365*c = 362*c + 15. Let f = 0 - 0. Suppose c*q - 6*b + 2*b - 169 = f, 2*q - 3*b - 62 = 0. List the prime factors of q.
37
Let v(g) = -9*g - 8*g - 6 - 11. Let x be v(-11). Suppose 6*i - i = x. List the prime factors of i.
2, 17
Suppose -20 = -5*j - 0*j. Suppose 2*k + 3*k = -u + 25, j*k = -8. What are the prime factors of u?
5, 7
Suppose -50*m + 44*m + 576 = 0. List the prime factors of m.
2, 3
Let q be (-6)/(-15) - (-4398)/30. Suppose 144*d = q*d - 594. List the prime factors of d.
2, 3, 11
Let r be (54/(-15))/(4/(-10)). Let k(z) = -z**3 + 8*z**2 + 9*z + 6. Let l be k(r). Let t(v) = 2*v**2 - 4*v + 1. List the prime factors of t(l).
7
List the prime factors of 7100/8 - 135/(-54).
2, 5, 89
Let o(j) = -j**3 - 5*j**2 - 2*j - 3. Let x(w) = -w**3 - 6*w**2 - 3*w - 4. Let g(l) = 7*o(l) - 6*x(l). List the prime factors of g(-4).
67
Suppose 28*g = 33*g. Suppose g = 3*x - 8*x + 615. List the prime factors of x.
3, 41
What are the prime factors of 0*(-1)/(-6) + (-840)/(-2)?
2, 3, 5, 7
Let x be (0/2)/(14/7). Let q be (x/(-3) - 0) + 2. Suppose -q*j + 20 = 2*j, 91 = 2*v + j. What are the prime factors of v?
43
Let w(d) = -56*d - 14. Let p be w(-4). Suppose -528 = -2*q + 4*i, q - p - 68 = -5*i. List the prime factors of q.
2, 67
Let j = 16 + -12. Suppose -289 = -j*a - 33. List the prime factors of a.
2
Suppose 2*b + 2*b = 28. Suppose -b*a - 55 = -6*a. Let i = a - -102. List the prime factors of i.
47
Suppose 4*a - 21860 = -3576. List the prime factors of a.
7, 653
Let v be (15/12)/(1/4). Suppose -v*z - 8 = -7*z. Let r(c) = c**3 - 2*c**2 - 3*c - 2. What are the prime factors of r(z)?
2, 3
Let i be (63/(-4))/(8/32). List the prime factors of (-2)/(-6) - 4200/i.
67
Let k = -36 - -50. Suppose -2*d + 4 - k = 0. What are the prime factors of (d - -26) + 2*-2?
17
Let y be ((-2674)/(-28))/(1/2). Suppose 4*b + 149 = 3*g - b, 0 = -4*g - b + y. What are the prime factors of g?
2, 3
Suppose -7*c + 9*c = 6*y - 12510, -3*c = 0. What are the prime factors of y?
3, 5, 139
Let t(h) = h**3 + 25*h**2 - 7*h - 270. What are the prime factors of t(-13)?
43
Let r be (-844)/16 - (-1)/(-4). Let p = r + 155. What are the prime factors of p?
2, 3, 17
Suppose -5*p + 4*v + 929 = 0, 0 = -0*p - 5*p + 5*v + 925. List the prime factors of p.
3, 7
What are the prime factors of (-7867)/(-11) - 10/55?
5, 11, 13
Suppose 5*w = 4*n - 39 + 7, 3*n - 35 = w. List the prime factors of ((-11115)/(-40))/n + 6/(-16).
3, 7
Suppose 2*a - 2*d = 3*a - 1011, 5*d - 1008 = -a. What are the prime factors of a?
1013
Let k be (-13)/(-3) - (-20)/30. Let v(r) = 22 + k*r - 2*r - 4*r. What are the prime factors of v(-17)?
3, 13
Let q(c) = 5*c + 4. Let f be q(-4). What are the prime factors of 44*((-180)/f)/9?
5, 11
Let s(b) = -b**3 + 20*b**2 + 25*b - 146. What are the prime factors of s(20)?
2, 3, 59
Let y = -161 - -399. List the prime factors of y.
2, 7, 17
List the prime factors of (-788)/(-6 - -2) - 8.
3, 7
Let r(n) = -6*n**3 - 7*n**2 - 19*n - 33. List the prime factors of r(-5).
7, 13
Let u(m) be the first derivative of m**4/2 + 5*m**3 + m**2/2 - 7*m - 12. List the prime factors of u(-7).
5, 7
Suppose 80*t = 77*t + 2*w + 1001, -5*t - 4*w = -1705. List the prime factors of t.
337
Suppose -d + 20 = 3*d. Suppose -4*m + d*m - 75 = -3*o, 0 = 2*m + 5*o - 153. List the prime factors of m.
2, 3, 7
Let a(y) = 21*y + 7. Let s be a(-2). Let n = s - -48. What are the prime factors of n?
13
Suppose p + 3*l + 200 = 0, 2*l = 7*p - 2*p + 966. Let f = p + 281. List the prime factors of f.
3, 29
Suppose -2*b + 3*p + 20 = 0, -b + 3*p + 4 = -3*b. Suppose 0 = -5*k + 4*k + b. Suppose -5*x + k*u = -0*u - 127, u - 66 = -3*x. List the prime factors of x.
23
Let y = -2 - 10. Let s = -7 - y. Suppose -j + 2*j - 26 = s*x, 192 = 4*j + 2*x. What are the prime factors of j?
2, 23
Let b(p) = 7*p**2 - 18*p - 2. Let n(t) = -10*t**2 + 27*t + 3. Let k(z) = -7*b(z) - 5*n(z). Let j be k(-6). List the prime factors of j/7 + (-8)/(-28).
13
Let d = -91 + 55. Let c = d + 43. What are the prime factors of c?
7
Let i = -23 - -28. Suppose -3*y + 12 = -i*r + 149, 5*y = 2*r - 51. List the prime factors of r.
2, 7
Let q(c) = -c**2 - c + 2. Let l be q(1). Let x = 5 - l. Suppose -3*i + 4*y + 78 = y, -4*i - x*y + 68 = 0. List the prime factors of i.
2, 11
What are the prime factors of 23 + (-7)/(-147)*7*-6?
3, 7
Suppose 6*h = -3*y + 5*h - 17, 3*y + 7 = 4*h. Let k(l) = l**2 + 8*l + 10. Let x be k(y). List the prime factors of (-3)/x + (-1404)/(-60).
2, 3
Suppose 2*p + 122 = m, -4*m - 41*p + 536 = -37*p. What are the prime factors of m?
2, 5, 13
Let p(q) be the first derivative of q**3/3 - q**2 + 2*q + 2. Let j be p(3). Suppose j*z - 111 = 2*z. List the prime factors of z.
37
Let l(g) = -10*g**2 - 11*g + 150*g**3 - 151*g**3 - 6 - 2. List the prime factors of l(-9).
2, 5
Suppose 26 + 38 = -2*a. Let x = a + 61. List the prime factors of x.
29
Suppose 2 = 2*c - 0, -t + 2 = -c. Suppose 2*m - 4*m = 4*y - 2, -t*y = -m - 9. Suppose y*r + 106 = 4*g, 5*g - 2*r + 7*r = 95. List the prime factors of g.
2, 3
Let c(o) = 2*o**2 - 42*o - 180. List the prime factors of c(46).
2, 5, 53
Let q(z) = -13*z + 7*z**3 - 6*z**3 - 11*z**2 + 4 + 0*z**2 - 2*z**3. List the prime factors of q(-10).
2, 17
Let p(i) = 166*i - 2. Let q be ((-1)/(-4))/((-5)/(-20)). List the prime factors of p(q).
2, 41
Suppose a + 3*a = 8. Suppose 2*w = 6*w + 5*o - 60, 3*w - a*o - 45 = 0. Suppose 3*u + 0*u - w = 0. List the prime factors of u.
5
Let g = -5002 + 9809. What are the prime factors of g?
11, 19, 23
List the prime factors of -292*1*3/(2 - 5).
2, 73
List the prime factors of (3*2)/((-194)/(-21631)).
3, 223
Let g be ((-21)/14)/(9/(-60)). Suppose -5*s = g, -h = 4*s - s - 69. What are the prime factors of h?
3, 5
Suppose -1 = -6*d + 5*d, -4*d = 3*y - 3259. What are the prime factors of y?
5, 7, 31
Let d(h) = 5*h + 8*h - 4*h + 6*h. Let j(i) = -i + 14. Let m be j(13). List the prime factors of d(m).
3, 5
Suppose -2*m - 3*m - 2*k = -92, -4*m + 69 = -3*k. Let z = m - 1. Suppose -5*h + z + 11 = 2*w, 0 = -2*h + 8. List the prime factors of w.
2
Suppose -252*w = -250*w, -x + 4*w = -1793. List the prime factors of x.
11, 163
Let c = -2220 - -3937. What are the prime factors of c?
17, 101
Let i = -297 + 632. Suppose m - q = 117, 3*m - 5*q = -10*q + i. List the prime factors of m.
5, 23
Let i be 8/44 + 31/11. Suppose -2*n + 4*u - 3 = 1, 4*u - 18 = -5*n. Suppose 7*q - 201 = 2*q + i*m, -m = n*q - 87. List the prime factors of q.
2, 3, 7
Let q be (2 - -1) + -3 - -324. List the prime factors of (1/(-3))/((-9)/q).
2, 3
Let i(r) = r**3 + 8*r**2 - 3*r - 20. Let p be i(-8). Suppose -720 = -p*x - 4*x. What are the prime factors of x?
2, 3, 5
Suppose 6*f - 14*f + 32 = 0. Suppose -64 = -5*v + v - 3*q, -3*v - f*q + 48 = 0. List the prime factors of v.
2
Let p(j) = 3*j**2 + j**2 + 0*j**2 + 6 + 2*j**2. Let f be p(4). Suppose 3*z - f = 3*c, 2*z + z - 98 = 4*c. List the prime factors of z.
2, 19
Let n = -48 + 217. What are the prime factors of n?
13
Let d(c) = -63*c**3 - c**2 + 1. Let z(n) = -63*n**3 - n**2 + 1. Let u(o) = -3*d(o) + 4*z(o). List the prime factors of u(-1).
3, 7
Let n be 0/(6 + 1 + -4). Suppose 5*f + 2*w - 155 = n, 2*f + 3*w = 29 + 33. What are the prime factors of f?
31
Suppose 459*i = 461*i - 172. What are the prime factors of i?
2, 43
Let v be (-40)/5*(-22)/(-8). Let t = 41 + v. List the prime factors of t.
19
Let p(i) = 3*i - 5. Let s be p(4). Let u = 0 + s. Suppose u*o + 19 = 8*o. List the prime factors of o.
19
Let g = 6 - 4. Let l(k) = 11 - 8 + 5*k - k**g - 6. List the prime factors of l(3).
3
List the prime factors of ((-2612)/(-10) + (-76)/(-95))*1.
2, 131
Sup